 the prime factors of l.
7
Suppose 4*u - u + 4*h = -18, -12 = 2*u - 4*h. Let o = 22 + u. What are the prime factors of o/(-6)*(-2 + -1)?
2
What are the prime factors of (0 + 17)*(-4 - -6)?
2, 17
Suppose -5*f + 6 = -3*s - 0*s, 3*f - 21 = -4*s. Suppose 2 = 2*b - 6. List the prime factors of f/(-2)*b*-1.
2, 3
List the prime factors of 26 + 1/((-5)/(-10)).
2, 7
Let i(n) = n**2 + 4*n + 1. Suppose 2*o - 20 = -3*x, -2*x = 3*x + 2*o - 32. Let l(y) = y**3 - 6*y**2 - 5. Let p be l(x). List the prime factors of i(p).
2, 3
Suppose -7 = 5*h + 3*y, 5*h - 3*y - y = -14. Let i(z) = 2*z**2 + 2*z - 2. Let p be i(h). Suppose -s = 2*s - 3, -p*s + 22 = 5*g. List the prime factors of g.
2
Let t(g) = 9*g**3 - g. Suppose 0 = u + 4, a - 4*u + 5*u + 3 = 0. List the prime factors of t(a).
2
Suppose -3*w = 2*w + x - 65, 80 = 5*w - 2*x. Let o be w*((-10)/4)/5. List the prime factors of (o/(-4))/((-1)/(-4)).
7
Suppose -n = -4*y - 22, y + 16 = 2*n - 0*y. Suppose -2 - n = -4*w. Suppose w = -3*z - 3*r - 1, 0 = z + 2*r + 6. What are the prime factors of z?
2
Let v(j) = 1 - 1 - j + 1. Let y be v(-5). Suppose y = 3*s, 0*f + 5*f + s = 17. List the prime factors of f.
3
Suppose -b + 6*b + 106 = 2*h, 4*h - 5*b = 212. List the prime factors of h.
53
Let s(c) = 4*c**2 + c - 1. What are the prime factors of s(-3)?
2
Let f be 2/12 - (-241)/(-6). Let v = -29 - f. What are the prime factors of (-324)/(-33) - (-2)/v?
2, 5
Suppose 10 = -5*z, -5*u + 4*z + 25 = 2. Let v = 46 - u. What are the prime factors of v?
43
Let k = 150 + -106. What are the prime factors of k?
2, 11
Let g(x) = -2*x - 1. Let j be ((-2)/(-3))/((-6)/9). Let i be g(j). Suppose 0 = -5*o + 11 - i. List the prime factors of o.
2
Let d(b) be the first derivative of -b**3/3 + 7*b**2/2 + 2*b + 4. Let y be d(8). Let c(l) = -2*l + 2. List the prime factors of c(y).
2, 7
Let i = 7 - 17. Let j = i - -22. What are the prime factors of j?
2, 3
Suppose -3*b + 15 = 2*b. Suppose b*s = 8 + 37. List the prime factors of s.
3, 5
Let f = -24 + 66. Suppose -d - 69 = -2*i, -4*d + 2*d = -i + f. What are the prime factors of i?
2
List the prime factors of (207/(-12))/(12/(-32)).
2, 23
Let c = 3 + 1. Suppose c + 5 = d. Let f = d - -3. List the prime factors of f.
2, 3
Suppose 0 = 5*q - 71 - 169. What are the prime factors of q?
2, 3
Suppose -3*w = d + 71, 2*d - 3*d + 105 = -5*w. Let f = 34 + w. What are the prime factors of f?
2, 3
Let r = 49 - -6. What are the prime factors of r?
5, 11
Suppose 5*c - 146 = 129. Suppose -5*y - c = -0*x + 4*x, 73 = -5*x - 2*y. List the prime factors of (6/4)/(x/(-80)).
2
Let h(r) = -3*r + 1. Let t be h(-1). Suppose 0 = t*f - 37 - 15. Let l = f - 1. What are the prime factors of l?
2, 3
Let k = -4 + 2. Let w(l) = -l**3 + l**2 - l - 1. List the prime factors of w(k).
13
Suppose 3*o - 9 = -5*w, 2 - 5 = -5*w - o. Suppose w = 3*v - 0 - 54. What are the prime factors of v?
2, 3
Let a(o) = 2*o + 5. List the prime factors of a(13).
31
Let p(r) = 4*r**3 + r + 1. Let n be p(-1). List the prime factors of 10/n*(-18)/15.
3
Suppose 0 = -8*o + 280 + 160. What are the prime factors of o?
5, 11
List the prime factors of (212/6)/(-1)*-3.
2, 53
Let m = 93 - 19. List the prime factors of m.
2, 37
Let q(x) = 2*x**2 + 10*x - 17*x + 10*x - 10. What are the prime factors of q(-6)?
2, 11
Suppose 4*o - 3*o - 41 = 0. What are the prime factors of o?
41
Suppose 2 = a - 11. Suppose 2 = 5*y - a. Suppose 3*t - 3*s = -7*s + 43, -y*t = 2*s - 35. What are the prime factors of t?
3
Let z(d) = 2*d**2 - d - 2*d + d - 3. Let b(f) = -f**2 - 7*f - 2. Let g be b(-7). List the prime factors of z(g).
3
List the prime factors of (-3)/9*18/(4/(-2)).
3
Let q = 5 - 8. Let j = q + 6. What are the prime factors of j?
3
Suppose -2*s + 4*l = 2*l - 32, 4 = 4*l. What are the prime factors of s?
17
Let t(h) = 6*h. Let c(u) = u**2 + 5*u + 1. Let y be c(-5). List the prime factors of t(y).
2, 3
Let i = -5 + 7. Suppose -c = -i*c - 5*s + 6, 2*s - 76 = -5*c. What are the prime factors of c?
2
Let q(j) = 8*j + 2*j**2 + 3*j**2 + 2*j**2 - 2*j**2 - 6 - j**3. List the prime factors of q(6).
2, 3
Suppose -15 = -2*j + 3*k, 15 = j + 3*k - 6*k. Let o = j + 14. List the prime factors of o.
2, 7
Let d = 17 - 12. Suppose 16 = -3*v + d*v - 5*x, 4*v - 4*x - 20 = 0. List the prime factors of v.
3
Suppose 23 = 5*j - 102. List the prime factors of j.
5
Suppose d = -0*d - s - 17, 0 = -2*d - 3*s - 34. Let l = -9 - d. What are the prime factors of l?
2
Suppose -m - f + 13 + 90 = 0, 2*f = -5*m + 515. What are the prime factors of m?
103
Let j(i) = 2*i. Let d be j(1). Let c be (3 + d)*(2 - 0). List the prime factors of (-4)/c + 88/20.
2
Let m = -142 - -215. List the prime factors of m.
73
Suppose 7*o = -2*o + 1809. What are the prime factors of o?
3, 67
Let j(k) = k**2 - k - 6. Let a be j(-5). Let o be (-18)/a - 6/(-8). Suppose o = 4*s - 0*s - 60. List the prime factors of s.
3, 5
Let g(c) = -c**3 - c**2 + 2*c. Let z be g(-2). Suppose z*h + 5 = h. What are the prime factors of h?
5
Suppose 2*y = 2*i + 2, y - 1 = -i + 4*i. Suppose -2*l + 15 = -5*n, l + i*l - 10 = 5*n. List the prime factors of n/(-3) + 78/9.
3
Let u = -36 + 152. List the prime factors of u/5 - 12/60.
23
Let b(i) = -i**3 - 4*i**2 - i - 4. Let p be 8/(-20)*10*1. Let w be b(p). Suppose -s + w*s = -15. What are the prime factors of s?
3, 5
Let n(d) = -8 - 9 + 18 + d + d**2. What are the prime factors of n(3)?
13
Let c = -25 + 56. Suppose -m = 2*g - 11 - c, 146 = 4*m - 3*g. List the prime factors of m.
2, 19
Suppose -n - 4 = -3*n - 2*x, -13 = -4*n + x. Suppose -5*g + 5 = -n*i, 0 = -4*i - 0*i + 5*g - 5. Suppose -h + i = -6. List the prime factors of h.
2, 3
Suppose 0 = 10*t - 7*t - 654. List the prime factors of t.
2, 109
Let c = -4 - -8. Suppose -c*s = -44 + 144. Let m = -14 - s. List the prime factors of m.
11
What are the prime factors of 14/(-8) - 8/32 - -75?
73
Let m(u) = -6*u - 17. What are the prime factors of m(-6)?
19
Suppose -3*v = -2*l - 8 - 86, -v + l = -31. Suppose -x - v = -5*x. What are the prime factors of x?
2
Let p be 4*(-2)/(-24)*15. Let i be (3 - -1*1) + 1. Suppose k - p*w - 19 = 0, 5*k + 0*k - 65 = -i*w. List the prime factors of k.
2, 7
Let v = -3 + -1. Let q be 2 + 6 + (v - -2). Let l = q + 1. What are the prime factors of l?
7
Suppose 1 = 4*k + l - 10, l + 4 = k. Suppose -k*r - 2*p + 35 = 0, 0 = -3*r - 2*r + 5*p + 50. What are the prime factors of r?
11
Let z = 38 - 3. List the prime factors of z.
5, 7
Let i = -141 + 334. List the prime factors of i.
193
Suppose 3*x - 3 = 0, -n - 2*n = 5*x + 1. Let d = n - -5. What are the prime factors of d?
3
Let p = 22 - 17. Suppose p*s - 8 = 147. What are the prime factors of s?
31
Suppose 4*t - 2*t = -4*n + 6, -2*n + 5 = 3*t. Suppose 4*c - 9 = -t. What are the prime factors of 5/c*(-56)/(-20)?
7
Let c be 5*(0 - (-1)/1). Let n = -2 + 9. Suppose -y + c = -n. List the prime factors of y.
2, 3
Let u(l) = -l**3 + l - 5*l - 6*l**2 - 6 + 3*l. Let g be u(-6). Suppose -3*o + 17 = -4*f, 3*f + g*f - 6 = -4*o. List the prime factors of o.
3
Suppose -3*l - 3*k + 81 = 0, l = -3*l - 3*k + 112. What are the prime factors of l?
31
Let f(m) = -6*m**2 - m - 2. Let r be f(2). Let b be r/6 - (-1)/(-3). Let j = 8 + b. List the prime factors of j.
3
Let y be 86 + -5 + 1 + 3. Suppose -4*m = m - y. What are the prime factors of m?
17
Suppose -3*b + 5*f = -5 - 4, 4*f = -5*b + 15. Suppose -6*a - 10 = -a, b*m - 47 = -5*a. Suppose m = 2*s + 1. What are the prime factors of s?
3
Let j(a) = -2*a**2 + 32*a - 10. What are the prime factors of j(15)?
2, 5
Suppose -3*y + 31 = -32. List the prime factors of y.
3, 7
Let w be (1 - 1) + (3 - 3). Suppose -3*u = -w*u - 30. What are the prime factors of u?
2, 5
What are the prime factors of (-6)/(-9)*(-645)/(-10) - -4?
47
Let d be (-14)/(-3) - (-4)/(-6). Suppose -a - 5 = -6*a. Let n = d - a. List the prime factors of n.
3
Suppose 4*p - 27 = 21. Let t be p/7 + (-2)/(-7). Suppose 35 = 2*x - 5*k, -t*k = -4*x + 30 - 0. What are the prime factors of x?
5
Let j(m) = m**3 - 9*m**2 + 2*m + 9. Let b be j(9). Suppose 0 = -2*s + b + 23. What are the prime factors of s?
5
Let a(q) = q + 7. Let z be a(-6). Let x = z - -10. What are the prime factors of x?
11
Let w(r) be the first derivative of 5*r**2/2 - 2*r + 1. List the prime factors of w(2).
2
Let h(o) = -o**3 + 17*o